alculate q(-4).
-12
Let x = -17 + 74. Let m be (84/(-2))/((456/32)/(-19)). Let g(k) = m*k**2 + 4*k - 112*k**2 + x*k**2. What is g(-5)?
5
Let a = -69 - -94. Suppose 2*p + 8 = -2, 0 = -5*g - 2*p - a. Let k(u) = 2*u**2 + 3*u + 2. Determine k(g).
11
Let u(z) = z**2 + 7*z + 7. Let h be (-5 - -2)/((-6)/70). Suppose -4*y - y = h. Let a = 0 + y. Determine u(a).
7
Let z(f) be the first derivative of f**2/2 + 2*f + 410. Give z(-5).
-3
Let i(u) = 0 + 0 + 0*u**2 + u + u**2 - 2*u**3. Let f be (1 - 4)*14/(-6). Suppose 0 = -p + 2*r + 5, -3*r = -2*p + f - 0. What is i(p)?
2
Let h(c) = 9*c - 11. Let o(q) = -10*q + 11. Let y(f) = -4*h(f) - 3*o(f). Give y(8).
-37
Let j(d) = 2*d**3 - d**3 + 525*d - 1 - 524*d + 2 + 1. Determine j(0).
2
Let v = -2553 - -2547. Let r(m) = -m**2 + 11*m + 100. Calculate r(v).
-2
Suppose 2*b = 4*n + 12, -4*b + 4*n + 22 - 2 = 0. Let y(d) = -6*d. Determine y(b).
-24
Let w(m) = 12*m**3 - m - 1. Suppose -14*l = -12*l - 14. Suppose l*h = 5*h + 26. Suppose h = 2*p + 5*s, -3*p = -0*p - 5*s + 18. What is w(p)?
-12
Let d(s) = -s**2 + 7*s + 1. Suppose -3*g - 2 = -4*m - 0, -4 = 2*m - 4*g. Let c(v) = 0*v**2 - 5*v - v**2 + 7 + m*v**2. Let u be c(5). Calculate d(u).
1
Let g(o) = -o**2 + 6*o - 4. Suppose -2*f = -4*f + 16. Let n = 26 - f. Suppose 2*c = -c + n. Calculate g(c).
-4
Let i(h) = -h + 1. Let s(n) = -3*n + 9. Let p(a) = 18*i(a) - 2*s(a). What is p(-1)?
12
Suppose -k = 1 - 4, 3*g - 2*k = -3. Let c(d) be the second derivative of 0 + 3*d - 1/6*d**3 + 0*d**2 + 1/20*d**5 + 1/12*d**4. Calculate c(g).
1
Let b(k) be the second derivative of k**4/12 + 11*k**3/6 + 5*k**2 - k - 39. Determine b(-9).
-8
Let y(w) = -3 - w**2 - w**3 + 0 + 3*w - 2*w**2. Let i = -6 + 10. Suppose -t - 7 = -i. Determine y(t).
-12
Let v be -1*4/2 + -4. Let h(d) = -d**2 - 8*d + 2. What is h(v)?
14
Let h(q) = 16*q**3 + 12*q**2 + 2*q + 5. Let u(m) = 7*m**3 + 6*m**2 + m + 2. Let o(a) = -4*h(a) + 9*u(a). Calculate o(6).
4
Let h(y) = -7*y**2 + y + 1. Let g be 1/(((-25)/35)/(-5)). Suppose -4 = o - 5*c + g, -3*o - 2*c + 1 = 0. Give h(o).
-7
Let k = -21 + 25. Suppose 0 = -k*g + 18 - 2. Let t(i) = -3 - 3*i - 1 - g. What is t(-6)?
10
Let n(g) be the first derivative of g**5/20 - g**4/2 + g**3 - 5*g**2/2 - 17*g - 33. Let w(a) be the first derivative of n(a). What is w(5)?
0
Let k = 2 + 7. Let d = 11 - k. Let p(v) = 2*v + 2*v + 6*v**d - 5*v**2 - v**3. Calculate p(3).
-6
Suppose 4*y - 63 = -r, y = -5*r + 3*y + 359. Let f = r + -41. Let k be (f/12)/((-5)/(-12)). Let j(b) = -b**3 + 5*b**2 + 5*b - 3. Determine j(k).
-9
Let a be ((-2308)/18)/1 + 8/36. Let c = a + 123. Let i(d) = -2*d - 5. Calculate i(c).
5
Let s(h) = -5*h - 42. Let j(y) = 8*y + 63. Let w(l) = -5*j(l) - 7*s(l). Let z be w(-5). Let p(v) = 4*v + 3. What is p(z)?
19
Let g(y) = -1209*y - 13 + 599*y + 611*y. Give g(-10).
-23
Let d be 15/6 + (-4)/(-8). Let j(k) = 3*k**2 + k**2 - k**3 - d - 3 + 2. Give j(3).
5
Suppose 0 = 2*k - 3*k + 8. Let l(z) = 4 - 5*z + k + 8 - 19. Give l(1).
-4
Let w(u) be the third derivative of 1/2*u**3 + 0 - 10*u**2 + 0*u + 3/8*u**4 + 1/60*u**5. Determine w(-6).
-15
Let x(s) = -s**3 + 3*s**2 + 2*s. Let b be ((-28)/(-56))/(2/8). Let d be (-7 - -1)*b/(-3). Determine x(d).
-8
Suppose -93*t = -99*t + 36. Let n(h) = -h**2 + 7*h - 7. Calculate n(t).
-1
Let o(h) = -h**2 + 4*h + 7. Let j = -12 + 14. Let m be j + (1 - 0) - 27. Let f be 30/m*4/(-1). What is o(f)?
2
Let x(b) be the third derivative of -b**4/12 + 15*b**2 + 3. Calculate x(1).
-2
Let g(f) = -4*f**3 - 16*f**2 + 13*f - 1. Let h(t) = 9*t**3 + 33*t**2 - 25*t + 2. Let k(l) = 7*g(l) + 3*h(l). Give k(-14).
-29
Let b(o) be the first derivative of -4*o**2 - 5 + 3 + o + 3. Suppose -34*p + 40*p - 6 = 0. Calculate b(p).
-7
Suppose k - 5*k = -8. Let f(n) = 7*n + 13*n**2 - 15*n**2 + 2*n - 12*n + 4*n**2. Determine f(k).
2
Let p = -23 - -26. Let v(h) = 5*h**2 - 4*h**3 + p + h**3 - 4*h + 2*h**3. Determine v(4).
3
Let l(t) be the first derivative of t**3/3 + t**2/2 - 5*t - 108. What is l(2)?
1
Let k(z) be the first derivative of -11*z**3/3 - 3*z**2/2 + 2*z + 6. Determine k(1).
-12
Let z(k) be the second derivative of k**4/6 - 5*k**3/6 + k**2/2 - 120*k + 2. Give z(4).
13
Let i = -25 - -32. Suppose 52 = 6*f + 10. Let r(h) = -11 + 8*h**2 - h**3 - i*h + f + 10. What is r(7)?
6
Let h(m) = 8*m + 4 + 10 - 8 + m**3 - 2*m**3 - 2. Calculate h(-3).
7
Let p(v) = -v**2 + 6*v + 6. Suppose 5*o = m + 4*m - 30, 4*m - 21 = o. Let b be m*(3 - (-4)/(-2)). Calculate p(b).
11
Suppose 0*d + 2*d + 5*a = 15, 4*d + 12 = 4*a. Let q(m) = -m**3 - m**2 - m - 10. Let o be q(d). Let v = 9 + o. Let n(c) = -c**2 - 2*c - 1. What is n(v)?
0
Let p(l) = -l**2 - 8*l - 2. Let r = 8 - 4. Let d(g) = -g**2 + 37*g + 280. Let y be d(43). Suppose -6*w = y - r. Give p(w).
13
Let m(g) = -g**3 + 2*g**2 + 3*g - 4. Let a be m(3). Let x(n) = 2*n + 3. Determine x(a).
-5
Let r = -127 - -386/3. Let h(m) be the first derivative of 1 - 1/4*m**4 + m - m**2 + r*m**3. Calculate h(5).
-9
Let v(a) be the first derivative of a**3 - a**2/2 + 3*a + 91. What is v(3)?
27
Let h(t) = -t**2 + 51 + 58 + 4*t - 159 + 47. Let c(o) = o + 2. Let x be c(3). Calculate h(x).
-8
Suppose -2*s - 4*q = 0, 14*s - 15*s - 3*q - 1 = 0. Let t(i) = 7*i - 1. Let c(l) = -1. Let u(y) = -3*c(y) + t(y). What is u(s)?
16
Suppose 4*q = 5*x - 2, -1 - 5 = -3*x. Let v(a) = -871 + a - 2*a**2 + 871 + q*a - a**3. Determine v(-3).
0
Let v(q) = 4*q**3 - 2*q**2 - q + 3. Let o(k) = -k**2 - k + 1. Let a(h) = 2*o(h) - v(h). Calculate a(-2).
33
Suppose 2*z = 8 - 0. Let g(l) = -7*l + l + 2*l - z. Calculate g(-6).
20
Let r(f) = -4*f**3 + 49*f**2 + 8*f + 1. Let q(o) = -o**3 + 11*o**2 + 2*o. Let n(k) = 9*q(k) - 2*r(k). Calculate n(1).
0
Suppose 0 = 5*f - 5*c - 40, 3*f - 19 = -4*c + 40. Let r = f + -10. Let z(q) = -2*q**3 + 0*q**2 - 3*q - 2*q**3 - 8 - 6*q**2 + 5*q**r. Determine z(7).
20
Let v be (4 - (0 - -2)) + 4. Suppose -3*r + v + 0 = 0. Suppose n - r - 5 = 0. Let m(i) = -i**2 + 5*i + 9. Determine m(n).
-5
Suppose 5*w + 11 = -3*o + 2, 3*w + 5 = -2*o. Let g be (-62)/(-4) - w/(-6). Let n(r) = -5*r**2 - 5*r - 5*r**2 + g*r**2 - 6*r**2 + 8. What is n(-6)?
2
Suppose 4*v = -4*v + 24. Suppose 12 = 4*a, z - 3*a = v*z - 1. Let y(g) be the third derivative of -g**4/12 - g**3/3 - g**2. Determine y(z).
6
Let t = 27 + -24. Suppose 5*d - 2*p = 30, p + 13 = t*d - 4. Let k(b) = -2*b + 5. Give k(d).
-3
Let r(v) = v**2 - 6*v - 5. Suppose -3*x - 5*p - 24 = -4*x, -4*x + 36 = -5*p. Suppose -5*g + 26 + x = 0. What is r(g)?
-5
Let m(z) = 2*z - 7. Let y(l) = 2*l - 7. Let w(k) = 4*m(k) - 2*y(k). Determine w(6).
10
Let a(h) be the second derivative of h**3/6 - 2*h**2 + h - 19. Suppose -y = -0*d - 5*d + 28, 0 = 5*y - 2*d + 25. What is a(y)?
-7
Let a = 45 - 50. Suppose h = -4 + 7. Let s(u) = -2*u**2 - u**h + 6*u - 5 + 2*u**2 - 4*u**2. Determine s(a).
-10
Let u(c) be the second derivative of 0*c**2 - 3*c + 1/60*c**5 + 0 + 1/3*c**3 + 5/24*c**4. Let a(w) be the second derivative of u(w). Give a(-4).
-3
Let k(o) = -8*o**2 - 5*o - 5. Let s(f) = 5*f**2 + 5*f + 4. Let y(p) = 2*k(p) + 3*s(p). Let q be 1 + 3 - -4 - 3. Give y(q).
2
Let y(k) = 0*k**2 + k**2 + 0*k**3 + 3*k + 3 - 6*k**2 + k**3. Give y(4).
-1
Let o(w) be the third derivative of -w**6/120 + w**5/20 + w**4/8 + w**3/2 + w**2. Let d = 6891 + -6887. Give o(d).
-1
Let v(w) = -4*w + 8*w + 2 + 10 - 4. Determine v(-5).
-12
Let a be 5*2/(-8)*-4. Let l be 0 + (a - 12/4). Suppose -16 = -5*m + y, -l*y + 9 - 20 = -3*m. Let f(u) = u**3 - 5*u**2 + 3*u + 2. Determine f(m).
-7
Let c(a) = 6*a + 2. Let b(k) = -13*k - 5. Let j(p) = 3*b(p) + 7*c(p). Let g be j(-2). Let i(v) = v**2 + 7*v + 6. Calculate i(g).
6
Let z(n) = 2*n**2 - 7*n. Suppose -6*w + 14 + 4 = 0. Give z(w).
-3
Let s(d) = -d**2 + 15*d + 35. Let c(b) = 24*b**2 + 213*b - 10. Let q be c(-9). Determine s(q).
1
Let o(a) = -a**2 + 13*a + 17. Let g = 165 + -151. Give o(g).
3
Let u(m) = -m**3 - m**2 + m. Let n(f) = 2*f**3 - f**2 + 3. Let t(w) = -n(w) - 3*u(w). Calculate t(-5).
-13
Let g(a) be the third derivative of -a**5/10 - a**4/12 - a**3/6 - 3*a**2 + 45. Calculate g(-1).
-5
Let h be 28/(-6) + 8/12. Let m be (h/(-1))/(-1 - -2). Suppose -f = 2*x - 1, -3*f + 3*x - m = -25. Let a(n) = -n + 11. What is a(f)?
6
Let o(x) = -x**3 + 10*x**2 + x - 2. Let h be o(10). Suppose -4*c = d - 4, 4*c - h = -2*d - 0*d. Suppose 2*s + 12 = d*